t be s(11). Suppose 0 = 7*w - t*w + 175. What are the prime factors of w?
5, 7
Suppose 5*k + 4*u - 590 = 0, 0 = -u - 3*u - 20. Let t be 4/10 + 524/(-10). Let b = t + k. List the prime factors of b.
2, 5, 7
Let l(u) = 10*u**2 + 167*u - 192. List the prime factors of l(29).
37, 353
Suppose 5*r = -4*w + 53 - 18, -10 = 2*r. Let y(g) be the first derivative of 5*g**2 - 48*g + 2. What are the prime factors of y(w)?
2, 3, 17
Let s(i) = 1477*i - 1944. What are the prime factors of s(3)?
3, 829
Let c = -2350 + 1453. Let d = 37 - c. List the prime factors of d.
2, 467
What are the prime factors of 40538/((18 + -24)/(-3))?
20269
List the prime factors of (1388/(-60) - -23) + (-172144)/(-30).
2, 19, 151
Let i(k) = k**2 - 18*k - 17. Let a(r) = 2*r - 30. Let j be a(9). What are the prime factors of i(j)?
7
Suppose 38*z + 2110 = 5*a + 33*z, a = -5*z + 434. List the prime factors of a.
2, 53
Suppose -35*x = -29*x + 6. Let m(c) = -580*c**3 + c**2 + 2*c + 2. List the prime factors of m(x).
7, 83
Let p = -206 + 210. Suppose -p*z = -524 - 1184. What are the prime factors of z?
7, 61
Let y(p) be the second derivative of -2*p**2 + 5/4*p**4 + 2*p - 1/20*p**5 - 4/3*p**3 + 0. List the prime factors of y(14).
2, 5
Let u(p) = 7*p**2 - 2*p + 88. Suppose 0 = 18*f + 2*f + 200. What are the prime factors of u(f)?
2, 101
Let s(f) = f**3 - 6*f**2 + 5*f + 2. Let w be s(5). Suppose 17*i + 61 - 345 = 56. Suppose -w*o - 5*x = -i, -3*x - 21 = -5*o - x. What are the prime factors of o?
5
Suppose 4*q + 6 = -0*q + 2*l, 3*q = 8*l - 24. Suppose q = -676*s + 672*s + 4000. List the prime factors of s.
2, 5
Suppose -8*u = 23 + 57. Let s be ((3 - u)*1)/(-1). Let b = 41 + s. List the prime factors of b.
2, 7
Suppose 5 = 3*f - 5*x, f - 2*x + 3*x = 7. Suppose 0 = 4*r - f*j - 21, -r - 6 = -3*r - 2*j. Suppose 574 = r*c + 3*c. What are the prime factors of c?
2, 41
Let c = 31598 + -18047. What are the prime factors of c?
3, 4517
Suppose 36 = 3*b - 3*f, 4*f = -2 - 2. Let g(d) = d**2 + 19*d - 112. List the prime factors of g(b).
2, 109
Let n(l) = -132*l**3 - 35*l**2 - 119*l - 5. List the prime factors of n(-4).
13, 643
Let n(y) be the second derivative of 7*y**3/3 - 90*y**2 - 127*y. List the prime factors of n(36).
2, 3
Let d = 253403 + -178024. What are the prime factors of d?
43, 1753
Let y(r) = 36 - 719*r + 688*r - 131. List the prime factors of y(-34).
7, 137
Let z = 21914 + 6204. What are the prime factors of z?
2, 17, 827
Let f = -228 - -217. Let s = f - -206. List the prime factors of s.
3, 5, 13
Let q(i) = -6*i**2 + 15*i - 32. Let x be q(11). Let h = x - -896. What are the prime factors of h?
3, 101
Suppose 2*f + 3*f - 420 = -4*i, -i + 171 = 2*f. Let z = 98 - f. Let w = 30 + z. What are the prime factors of w?
2, 5
Suppose -167*h = -168*h + 1758. Suppose -3*x + 5*f - 366 = -4*x, -5*x - f + h = 0. What are the prime factors of x?
3, 13
Let k(o) = -o**2 + 23*o - 24. Let q be k(21). Suppose -q*n + 252 = -15*n. What are the prime factors of n?
2, 3, 7
Suppose -3*x + 5*x - 5*a = 3618, 4*x - 7208 = 3*a. Let k = 2620 - x. List the prime factors of k.
821
Suppose -4*o = -0*o - 120. Suppose -4*m + 3*m = o. Let s = 56 + m. List the prime factors of s.
2, 13
Let p(a) be the third derivative of -5*a**4/12 - 4*a**3/3 + 23*a**2. What are the prime factors of p(-8)?
2, 3
Let d be 15/(-2)*584/(-219). Suppose 5*h = 29*m - 25*m + 1614, -5*m = -d. What are the prime factors of h?
2, 163
Suppose 0 = 3*a - 3*b - 27, -2*b + 0*b = 4. Suppose -5*s + a*s - 328 = 0. List the prime factors of s.
2, 41
Let y be -1 + 8 + (-1 - -2). Suppose -10*p + 246 = -y*p. Let o = p + -68. List the prime factors of o.
5, 11
Let r be (-3234)/84 + 6/4. List the prime factors of 39 + r + (-1 - -419).
2, 3, 5, 7
Suppose y - 1879 = s, 124*y - s = 122*y + 3754. List the prime factors of y.
3, 5
Suppose 0*k = -9*k + 4302. Let c = k - 173. What are the prime factors of c?
5, 61
Let p(t) = -t**3 - t**2 - 5*t - 12. Let v be p(-2). Suppose -5*q - v*m + 3139 = 0, 128 = -4*q - 4*m + 2632. List the prime factors of q.
17, 37
Let i(d) = d**2 - 24*d - 2. Let q be i(-21). Suppose q = 13*c - 10757. List the prime factors of c.
2, 3, 5
Let j be (-9)/6*(-16)/12. Suppose -5*n = -4*d + 679, 125 + 545 = 4*d - j*n. Let k = d + -34. List the prime factors of k.
2, 3, 11
Let v(s) = 2260*s + 570. List the prime factors of v(8).
2, 5, 373
Let x = 98751 - 41801. What are the prime factors of x?
2, 5, 17, 67
Suppose 200850 = 55*u + 10*u. List the prime factors of u.
2, 3, 5, 103
Suppose -3*x = 5*j - 18, -2*x = -16*j + 12*j + 10. Suppose 4*c - 1418 = -2*s + 6*c, 4*s + j*c = 2843. List the prime factors of s.
2, 5, 71
Let p = 22508 + -9276. What are the prime factors of p?
2, 827
Let q(a) = 2*a**2 - 2*a + 1. Let o be q(1). List the prime factors of ((135/(-6))/(-9))/(o/54).
3, 5
Let v(k) = -k**3 + k**2 + 78*k + 18374. What are the prime factors of v(0)?
2, 9187
Suppose 10*x - 4*f - 23780 = 0, -5*x - 3999 + 15889 = -5*f. List the prime factors of x.
2, 29, 41
Suppose -28*a = 64*a - 152042 - 548078. What are the prime factors of a?
2, 5, 761
Let m(u) = -u**2 - 19*u + 46. Let c = 60 - 81. Let p be m(c). Suppose -p*s + 60 = s. List the prime factors of s.
2, 3
Let g(s) = -11*s + 8. Let q be g(0). What are the prime factors of (-1020)/(-18)*12/q?
5, 17
Let d = 222 - 220. List the prime factors of (d/4)/((-21)/(-19530)).
3, 5, 31
Let a(f) = -2 + 7*f**3 + 3620*f**2 - 20*f**3 + 1 - 3623*f**2. What are the prime factors of a(-3)?
17, 19
Suppose 8977 = m - d, 2*m = -5*d + 4840 + 13100. Suppose -5*b - 5*n = -m, 23 = -5*n - 2. List the prime factors of b.
2, 3, 5
Let b = 53 + -51. Let c(u) = 3*u**3 + 0*u**3 + 10*u + 12*u**b + 3*u**3 - 9 - 5*u**3. List the prime factors of c(-9).
2, 3
Let i(w) = -9*w**2 - 7*w + 4. Suppose -4*q - 2*b = 2, 2*b - 5 - 5 = 0. Let m be i(q). Let c = 69 + m. List the prime factors of c.
13
Let o = -251 - -247. Let y(a) = -174*a + 90*a + 17*a - 10. What are the prime factors of y(o)?
2, 3, 43
Suppose 11*a - 16*a - 330 = 0. Suppose -4*y - z = 292, -y + z - 284 = 3*y. Let g = a - y. List the prime factors of g.
2, 3
List the prime factors of (8 - 15)*55456/(-14) + -9.
53, 523
Let n be (-1)/1*1/1. Let r(d) = -26*d**3 + d**2 - 2. Let v(m) = 2*m**3 + m. Let a(p) = r(p) - 2*v(p). What are the prime factors of a(n)?
31
Let z be (4/(-5))/((-46)/115). Let v be ((-2366)/52)/(z/4). Let o = -40 - v. What are the prime factors of o?
3, 17
Let b(z) = -29*z + 99. Let i be b(3). Let v(y) = -9*y + 8 + 9 - 11*y**2 + y**3 - 3. What are the prime factors of v(i)?
2, 5
Suppose 4*n + 9*n + 871 = 0. Suppose -4*u + 5*f + 1182 = -70, -4*u - 4*f + 1216 = 0. Let y = u + n. What are the prime factors of y?
241
Let t(x) be the third derivative of 37*x**5/60 - 5*x**4/6 + x**3 + 235*x**2. What are the prime factors of t(-6)?
2, 3
Suppose 4*m - 2 = 2*b - 4, -3 = b - m. Let o be 2/b - 1692/(-42). Let l = o + -29. What are the prime factors of l?
11
Suppose 14532226 = 245*h + 114*h - 1755604. List the prime factors of h.
2, 5, 13, 349
Suppose -16*y + 51181 + 346997 = 6*y. List the prime factors of y.
3, 2011
Let h(p) = 6*p**2 + 25*p + 190. What are the prime factors of h(-20)?
2, 5, 11, 19
Let u(h) = 55*h + 0 - 51*h - 20. Let x be u(6). Suppose x*c + 0*c = -20, 0 = 5*z + 2*c - 695. What are the prime factors of z?
3, 47
Suppose 0 = 3*f - 4*x - 41, 4*f + 3*x + x = 8. Suppose 2*w = -5*b + f*w + 1285, -2*b - w = -511. What are the prime factors of b?
2
Suppose -d + 5*a + 31032 = 0, 84*d - 77*d = -2*a + 216965. List the prime factors of d.
139, 223
Suppose -326*d + 331*d = -4*l + 62392, -d = -l + 15607. What are the prime factors of l?
3, 7, 743
Let w(f) = 2*f**3 - 4*f**3 - 7*f - 290 + 557 - 11*f**2 - 280. What are the prime factors of w(-8)?
3, 11
Suppose -40*o = 166*o - 1698676. What are the prime factors of o?
2, 7, 19, 31
Let y be 79/1 + (6 - 3). Let a = y + 122. Suppose a + 96 = 4*o. What are the prime factors of o?
3, 5
Let u be ((-687)/(-9) + -4)*3. Let w = u - -81. What are the prime factors of w?
2, 149
Let s be (-6*2/3)/(-1). Suppose s*u - 3798 = 2*o + o, 0 = 3*u - o - 2846. Suppose -12*d + 16*d = u. List the prime factors of d.
3, 79
Let m be ((-20)/(-35))/((-7)/(-49)). Suppose 0 = -4*r - 2*f + 3004, 2*f + 2264 = m*r - 732. What are the prime factors of r?
2, 3, 5
Let f b